ltiple of 22?
True
Does 26 divide 156?
True
Is 2512 a multiple of 64?
False
Is 255 a factor of 31875?
True
Does 3 divide 4697?
False
Is 708 a multiple of 37?
False
Is 2715 a multiple of 9?
False
Is 60 a factor of 4560?
True
Does 130 divide 3625?
False
Does 7 divide 287?
True
Does 15 divide 3943?
False
Is 3135 a multiple of 57?
True
Is 570 a multiple of 43?
False
Is 100 a factor of 64000?
True
Does 10 divide 213?
False
Is 27037 a multiple of 28?
False
Is 4352 a multiple of 68?
True
Is 45 a factor of 6120?
True
Does 256 divide 143872?
True
Does 79 divide 9088?
False
Is 2657 a multiple of 9?
False
Does 217 divide 11746?
False
Is 153 a multiple of 9?
True
Is 1428 a multiple of 13?
False
Is 434 a multiple of 11?
False
Is 66 a factor of 10164?
True
Does 15 divide 1725?
True
Does 19 divide 1121?
True
Does 13 divide 1664?
True
Is 1721 a multiple of 62?
False
Is 3 a factor of 6824?
False
Is 35 a factor of 606?
False
Is 256 a factor of 46080?
True
Is 2608 a multiple of 16?
True
Does 10 divide 46?
False
Does 12 divide 137?
False
Does 13 divide 27950?
True
Is 88 a multiple of 8?
True
Is 2 a factor of 3?
False
Does 5 divide 4255?
True
Is 125 a factor of 3750?
True
Is 16 a factor of 81?
False
Is 37177 a multiple of 60?
False
Is 1140 a multiple of 76?
True
Is 93 a factor of 1114?
False
Is 32 a factor of 67488?
True
Is 54371 a multiple of 60?
False
Is 7692 a multiple of 6?
True
Does 25 divide 6350?
True
Is 307 a multiple of 7?
False
Is 29248 a multiple of 317?
False
Is 32 a factor of 11168?
True
Is 17 a factor of 547?
False
Is 15 a factor of 450?
True
Is 131 a factor of 2776?
False
Is 1056 a multiple of 66?
True
Is 874 a multiple of 46?
True
Is 932 a multiple of 9?
False
Is 2 a factor of 2960?
True
Is 23 a factor of 2021?
False
Is 6378 a multiple of 45?
False
Does 25 divide 200?
True
Does 8 divide 7712?
True
Does 14 divide 266?
True
Does 2 divide 183?
False
Does 16 divide 1664?
True
Is 137 a multiple of 22?
False
Does 57 divide 1641?
False
Is 17 a factor of 4913?
True
Is 15 a factor of 421?
False
Does 9 divide 216?
True
Is 10 a factor of 1285?
False
Does 8 divide 48021?
False
Is 28 even?
True
Is 13742 a multiple of 312?
False
Is 566 a multiple of 86?
False
Is 4115 a multiple of 15?
False
Is 13 a factor of 1209?
True
Is 141 a factor of 47094?
True
Is 37 a multiple of 5?
False
Is 184 a multiple of 25?
False
Is 5929 a multiple of 17?
False
Is 127 a factor of 1928?
False
Is 321 a multiple of 17?
False
Does 2 divide 141?
False
Does 12 divide 2275?
False
Is 15 a factor of 12960?
True
Is 2960 a multiple of 5?
True
Is 20869 a multiple of 41?
True
Is 48 a factor of 720?
True
Does 13 divide 3256?
False
Does 47 divide 19491?
False
Is 59 a factor of 148?
False
Is 6714 a multiple of 12?
False
Is 101 a factor of 202?
True
Is 45 a multiple of 4?
False
Does 31 divide 1685?
False
Is 962 a multiple of 25?
False
Is 2 a factor of 1745?
False
Is 2856 a multiple of 51?
True
Is 42 a factor of 1419?
False
Is 2 a factor of 184?
True
Is 350 a multiple of 5?
True
Is 9440 a multiple of 8?
True
Does 4 divide 28?
True
Is 735 a multiple of 3?
True
Does 12 divide 96?
True
Is 6458 a multiple of 79?
False
Does 5 divide 288?
False
Is 39 a factor of 280?
False
Does 49 divide 883?
False
Is 18872 a multiple of 29?
False
Does 21 divide 4984?
False
Does 15 divide 225?
True
Is 631 a multiple of 6?
False
Is 3081 a multiple of 78?
False
Is 25 a factor of 2828?
False
Is 619 a multiple of 40?
False
Is 5 a factor of 50380?
True
Is 2 a factor of 461?
False
Is 488 a multiple of 33?
False
Does 33 divide 504?
False
Does 113 divide 362?
False
Does 116 divide 31320?
True
Does 138 divide 38502?
True
Does 41 divide 21265?
False
Is 54846 a multiple of 18?
True
Is 14 a factor of 336?
True
Is 5420 a multiple of 5?
True
Is 39 a factor of 234?
True
Is 16 a factor of 679?
False
Is 13 a factor of 5512?
True
Is 1159 even?
False
Is 8 a factor of 15067?
False
Is 46 a factor of 1012?
True
Is 103 a factor of 20771?
False
Does 21 divide 568?
False
Is 13 a factor of 949?
True
Does 22 divide 132?
True
Is 17719 a multiple of 32?
False
Is 11 a factor of 396?
True
Does 19 divide 1028?
False
Is 46090 a multiple of 46?
False
Is 27819 a multiple of 33?
True
Does 11 divide 23452?
True
Is 1916 a multiple of 18?
False
Is 36 a factor of 664?
False
Does 17 divide 21131?
True
Is 13 a factor of 869?
False
Is 97 a factor of 5144?
False
Is 20 a factor of 25750?
False
Is 675 a multiple of 27?
True
Does 16 divide 208?
True
Does 43 divide 2327?
False
Does 18 divide 108?
True
Is 68 a factor of 27991?
False
Is 35 a factor of 7445?
False
Does 27 divide 18846?
True
Is 11183 a multiple of 211?
True
Is 2961 a multiple of 141?
True
Is 67084 a multiple of 62?
True
Is 1343 a multiple of 4?
False
Is 122 a multiple of 8?
False
Does 18 divide 2049?
False
Does 92 divide 603?
False
Is 10 a factor of 277?
False
Is 12 a factor of 24637?
False
Does 26 divide 3354?
True
Is 6 a factor of 582?
True
Does 22 divide 2266?
True
Is 831 a multiple of 14?
False
Does 16 divide 732?
False
Is 4092 a multiple of 31?
True
Does 13 divide 6848?
False
Is 946 a multiple of 9?
False
Is 18954 a multiple of 18?
True
Is 12 a factor of 418?
False
Is 12 a factor of 12744?
True
Is 2528 a multiple of 22?
False
Is 2407 a multiple of 91?
False
Is 18 a factor of 35460?
True
Is 2 a factor of 448?
True
Is 84346 a multiple of 181?
True
Is 46 a factor of 414?
True
Is 405 a multiple of 4?
False
Is 16 a factor of 121908?
False
Is 161 a factor of 1610?
True
Does 32 divide 29088?
True
Is 4 a factor of 3133?
False
Is 266 a factor of 42028?
True
Does 61 divide 97?
False
Does 47 divide 1679?
False
Does 7 divide 11652?
False
Is 5 a factor of 364?
False
Is 13 a factor of 6649?
False
Does 2 divide 32?
True
Is 11787 a multiple of 168?
False
Is 20840 a multiple of 17?
False
Is 55 a factor of 2530?
True
Is 791 a multiple of 7?
True
Is 9 a factor of 954?
True
Is 930 a multiple of 2?
True
Is 26189 a multiple of 27?
False
Does 43 divide 59942?
True
Is 1763 a multiple of 41?
True
Does 75 divide 18545?
False
Does 81 divide 1831?
False
Is 55 a factor of 9062?
False
Is 3498 a multiple of 33?
True
Is 17 a factor of 187?
True
Is 25 a factor of 175?
True
Is 470 a multiple of 20?
False
Is 63 a factor of 729?
False
Is 17010 a multiple of 10?
True
Is 330 a multiple of 4?
False
Does 24 divide 288?
True
Does 15 divide 4087?
False
Does 3 divide 9?
True
Is 2144 a multiple of 17?
False
Is 19 a factor of 17214?
True
Is 23 a factor of 2786?
False
Does 151 divide 3554?
False
Is 18 a factor of 13104?
True
Is 1812 a multiple of 12?
True
Is 45582 a multiple of 107?
True
Is 16 a factor of 5640?
False
Is 4971 a multiple of 14?
False
Does 17 divide 24458?
False
Is 40 a factor of 11965?
False
Is 53771 a multiple of 17?
True
Is 13 a factor of 129192?
False
Is 592 a multiple of 8?
True
Is 2435 a multiple of 5?
True
Is 6 a factor of 4998?
True
Is 5 a factor of 3090?
True
Is 14 a factor of 126?
True
Is 5 a factor of 188?
False
Does 92 divide 7176?
True
Is 23 a factor of 6279?
True
Is 15698 a multiple of 94?
True
Is 325 a multiple of 10?
False
Is 30967 a multiple of 71?
False
Is 9 a factor of 2419?
False
Does 20 divide 49414?
False
Is 60 a factor of 11447?
False
Is 1781 a multiple of 29?
False
Is 215 a multiple of 3?
False
Does 2 divide 360?
True
Does 41 divide 130?
False
Is 4386 a multiple of 51?
True
Is 23 a factor of 1160?
False
Does 12 divide 1188?
True
Is 4917 a multiple of 33?
True
Is 5400 a multiple of 13?
False
Is 97 a factor of 4299?
False
Is 320 a multiple of 64?
True
Is 4280 a multiple of 8?
True
Is 320 a multiple of 20?
True
Is 540 a multiple of 9?
True
Is 6 a factor of 6852?
True
Is 394 a factor of 75766?
False
Does 74 divide 8996?
False
Is 5 a factor of 51?
False
Does 29 divide 4437?
True
Is 28 a factor of 392?
True
Is 8428 a multiple of 43?
True
Does 18 divide 1972?
False
Does 16 divide 5040?
True
Is 4951 a multiple of 17?
False
Does 67 divide 3886?
True
Is 391 a factor of 57694?
False
Does 21 divide 22?
False
Does 21 divide 31857?
True
Is 24 a factor of 2028?
False
Is 106 a multiple of 2?
True
Is 3 a factor of 32?
False
Is 5 a factor of 3209?
False
Is 22330 a multiple of 290?
True
Is 8154 a multiple of 18?
True
Is 9 a factor of 29628?
True
Is 6 a multiple of 4?
False
Does 11 divide 605?
True
Is 538 a factor of 64746?
F